 the greatest common factor of p and 20.
4
Let s(u) be the first derivative of 6*u**2 + 137*u + 34. Let q be s(7). What is the greatest common divisor of q and 65?
13
Let v(l) = 6*l + 405. Let f be v(-57). Calculate the greatest common divisor of f and 56.
7
Suppose 2*d - l + 112 = -145, 493 = -4*d - 5*l. Let x = 295 + d. Calculate the highest common factor of x and 96.
24
Let i be (-282)/423*6*6/(-4). Suppose -5*m = 3*f - i*f + 26, 3*f - 3*m = 18. Calculate the highest common factor of f and 46.
2
Suppose -h = 11 - 110. Let w(s) = 264*s - 13446. Let z be w(51). What is the highest common divisor of z and h?
9
Let c(f) = f + 237. Let o be c(-29). Let g(w) = w**3 - 7*w**2 + 3*w + 11. Let q be g(7). Calculate the highest common divisor of o and q.
16
Suppose 3*j - 2*c - 79 = 18045, 3*c - 24171 = -4*j. What is the highest common factor of j and 114?
114
Let a be 141/48 - (-14)/224. Let k(g) = 37*g + 1. Let c be k(a). What is the greatest common divisor of 196 and c?
28
Let y = 375 + -216. Let t = y - -147. Calculate the highest common divisor of t and 34.
34
Suppose -24675 = -9*w - 4187 + 18761. Calculate the greatest common divisor of w and 89.
89
Suppose -35*n = -24*n - 924. Let s(i) = -i**3 + 3*i**2 + 8*i - 2. Let o be s(-3). Calculate the highest common factor of n and o.
28
Suppose -4*g = -3*v + v - 14, v = 3*g - 12. Suppose -3*p - g*x = -120, 5*p - 53 = -3*x + 131. What is the highest common divisor of 50 and p?
5
Let i be (-219958)/(-30) - (-77)/1155. What is the highest common divisor of i and 39?
39
Suppose -82*h - 106*h = 123*h - 121912. Calculate the highest common factor of h and 16.
8
Let o = 5929 - -1204. What is the highest common divisor of 7 and o?
7
Let g(m) = -9*m + 96. Let x be g(0). Let f be ((-4366)/354)/((-1)/x). What is the highest common divisor of f and 37?
37
Let t(s) = 7*s**2 - 3*s. Suppose -2*k - 5*j + 2 = -j, 0 = -3*k + 3*j + 3. Let r be t(k). What is the highest common factor of 124 and r?
4
Let y(r) be the third derivative of 17*r**4/12 - 19*r**3 + 131*r**2. Let n be y(11). Calculate the highest common factor of 156 and n.
52
Suppose 3299 = 12*k - 8*k - t, 0 = -5*t + 5. Suppose -k = -5*w + 615. Calculate the greatest common divisor of w and 32.
32
Let p be (-12536)/(-6) + 18/(-486)*-18. What is the highest common divisor of p and 220?
110
Let c(n) = -3 - 9*n**3 + 14*n**3 - 5*n**3 + n**3. Let z be c(2). Calculate the highest common factor of 90 and z.
5
Let f be -5 - 215/(-45) - (-11)/9. Let a(u) = u**2 - 2*u + 3. Let s be a(f). Suppose s*z - 117 - 27 = 0. What is the highest common factor of z and 24?
24
Let l be (-6)/171 + ((-53376)/(-684) - 53). Let v = 543 + -218. What is the highest common divisor of l and v?
25
Suppose 2*w - 3*f = 610, -5*w - 3*f + 0*f + 1546 = 0. Calculate the highest common factor of w and 1771.
77
Let k(g) = g**2 + 3*g + 10. Let m be k(4). Let y = -34 + m. Suppose -y + 20 = -4*c, -4*j - 5*c = -456. What is the highest common factor of 17 and j?
17
Let v(r) = 7*r - 2. Let k be v(2). Let w(f) = f - 30. Let d be w(13). Let l = d - -101. What is the highest common divisor of l and k?
12
Let g = 1424 + -158. Let s = 2136 - g. Calculate the highest common factor of 10 and s.
10
Let f(b) = 5*b**2 + 2*b - 2. Let u be f(1). Let a be (-184)/6*((-30)/4)/u. Let p = -45 + a. What is the highest common divisor of 8 and p?
1
Suppose 98*q = -65*q + 212226. What is the greatest common factor of q and 84?
42
Suppose -4*p = -12, -2*o - 14 + 15 = -3*p. Let d be (-3 - -4)/(-1 + 2). Let i be (o/1)/(d/12). What is the greatest common factor of 24 and i?
12
Let v be -1*(659 - 11)/(-6). Let n(u) = -u**3 - u**2 - u + 10. Let k be n(0). Let b = k + 2. What is the greatest common divisor of v and b?
12
Let j(g) = 2*g**2 - 9*g - 9. Let h be j(6). Suppose h*f = 16*f - 322. Calculate the highest common divisor of f and 230.
46
Let i = 35 - 50. Let x = i - -180. Let k = 589 + -574. Calculate the highest common factor of k and x.
15
Let k(y) = 40*y + 246. Let t be k(-6). Let n = 64 + 158. What is the highest common factor of n and t?
6
Let t = -35 + 37. Let w(i) = 24*i - 3. Let o be w(t). Suppose -o = -4*n + 67. Calculate the greatest common divisor of 4 and n.
4
Let q(o) = o**3 + 9*o**2 - 30*o - 51. Let y be q(-10). What is the greatest common factor of y and 1?
1
Let f = 45 + -40. Suppose f*d - 5*l - 330 = -l, 2*d + l = 132. Suppose 4*s + d = 2*c, -18 = 3*s - 6. Calculate the highest common divisor of c and 5.
5
Let q be (-8)/(-44) + (-48)/22 + 18 + 26. Let u = -5 + 61. What is the greatest common divisor of q and u?
14
Let r = -21 + 32. Let k be -7 - (-2 + -61 + 1). What is the greatest common divisor of k and r?
11
Let y = 19 - 19. Suppose y = 3*g - 5*g + 4. Suppose -7 = 2*d - t - 29, 0 = 5*d - g*t - 54. Calculate the greatest common divisor of 2 and d.
2
Let u = -10494 - -11178. Calculate the greatest common divisor of u and 5643.
171
Let o(b) be the first derivative of -b**4/4 - b**3/3 - 2*b**2 - 12*b + 73. Let j be o(-5). What is the highest common divisor of 36 and j?
36
Let c be (2652/(-408))/(((-2)/120)/1). Let h be ((-78)/c)/((-2)/((-380)/(-2))). Calculate the greatest common divisor of 38 and h.
19
Let m be 2/13 - 1810/(-65). Suppose 3*t + m = 22. Let l be (-4 - -1) + (t - (3 - 63)). Calculate the greatest common divisor of l and 5.
5
Suppose 2*y + 16518 = 5*j, -41*j + 45*j - 13209 = y. Calculate the highest common divisor of 140 and j.
20
Suppose -20*n + 1315 = -6405 + 1640. Calculate the greatest common factor of 336 and n.
16
Let g(t) = 209*t - 1968. Let d be g(12). What is the greatest common divisor of d and 2052?
108
Let r be (37/(-22) - 18/(-99))*-22. Suppose 2*i + 2*i = m - r, -4*m + 69 = 5*i. Suppose -28 = -3*v - v. What is the greatest common divisor of m and v?
7
Let g(u) = -2*u**3 - 5*u**2 - 5*u - 4. Let q be g(-7). Let h be ((-6)/7)/((-222)/2072). What is the greatest common factor of q and h?
8
Let s be (-2 + -272)*-4*55/44. Calculate the highest common divisor of 10 and s.
10
Let t be ((-17)/2 + 3)*-2. Suppose 17*i = t + 295. What is the highest common divisor of 16 and i?
2
Suppose 2*s + 18 = g, -4*g = -2*s + 11 - 41. Let d(z) = z**2 + 3*z - 4. Let u be d(s). Let k = 113 + -65. What is the highest common divisor of u and k?
24
Let f = -27 - -35. Suppose 2*b = 4*a + f, 3*b + 3*a = -2 + 5. Suppose 3*p + 0*p = -5*v + 14, -3*p = b*v - 11. Calculate the highest common divisor of 8 and v.
1
Suppose -4*o - 2 + 26 = 4*f, 3*o + 4*f - 21 = 0. Suppose 6*z = 3*z + 5*d + 210, 3*z + o*d = 210. Calculate the greatest common factor of 700 and z.
70
Let u(d) = 27 - 4*d - 28 + 3*d + 0*d + 38*d**2. Let h be u(-1). Suppose -5*z = x - 375, 360 = 5*z - 0*z + 4*x. Calculate the greatest common factor of z and h.
38
Let p = -22189 - -22205. Calculate the highest common divisor of 3624 and p.
8
Suppose u + 3*f = -203, 5*u + f = 6*u + 191. Let c = -114 - u. Calculate the greatest common divisor of c and 32.
16
Suppose -3*y + 2*g + 396 = 300, y - 5*g - 45 = 0. Calculate the highest common divisor of 785 and y.
5
Suppose q + 29 = 120. Let l(v) = 3*v**2. Let y be l(1). Suppose k - 14 + 0 = -2*w, -4*w = y*k - 28. What is the highest common divisor of q and w?
7
Let f be (22/(-1))/((-2)/4). Let t = -322 + 306. Let v = f - t. What is the highest common divisor of v and 24?
12
Suppose 3*m - 6 = 2*m. Let t = -133 - -122. Let a be t/(396/81)*16/(-6). Calculate the highest common factor of m and a.
6
Let q(v) = v**3 - 2*v**2 + 7*v - 24. Let r be q(4). Let n be -3*2/(-9)*r. What is the greatest common factor of 264 and n?
24
Let x be -12 + 6 + 236 - -6. Suppose 586 = 5*j + 6*o - 9*o, -2*j = -2*o - x. Calculate the greatest common factor of j and 406.
58
Let t = 13 + 403. Let k be 84 - 78 - 20*-1. Calculate the highest common divisor of t and k.
26
Let l(m) = -m**3 - m**2 - 3*m - 3. Let s be l(-2). Let y be 2/s + (-542)/(-14). Suppose 0 = 116*a - 85*a - 4836. What is the highest common factor of y and a?
39
Suppose -718 = -5*n + 167. Let s be 249/2988 + (-175)/(-60). Calculate the highest common factor of n and s.
3
Suppose 35*w + 3*a + 83 = 40*w, 0 = 3*w - 11*a + 33. Suppose 3*f - 5*d - 216 = 0, -d + 6*d = f - 62. What is the highest common factor of f and w?
11
Suppose 6*m - 2108 = -1556. Suppose 7 = b - 4*z, -3*b + z - 6 = -